**2 + 5*g - 5. Suppose 0 = -5*l + 4*v - 35, v - 1226 = 5*l - 1206. Give p(l).
25
Let z(d) = d**2 + 12*d + 19. Suppose -n - 6 = i, 0 = -28*i + 33*i - 25. Calculate z(n).
8
Let d(q) = 16*q**2 - 2*q - 1. Suppose -5*r - 26 - 5 = -4*m, 0 = 5*m - 20. Let g be (-3 - r) + (1 - -1). Suppose -4 = j, -3*j = 4*a - g*j + 8. What is d(a)?
17
Let b(v) = v**2 - 34*v + 160. Let q be b(6). Let r(t) = t**2 - t + 19. Determine r(q).
91
Let m(a) = 2*a**2 - 29*a + 106. Let t(v) = v**2 + 6*v - 308. Let s be t(-21). What is m(s)?
1
Let u(l) = l - 2. Let k = -23 + 26. Suppose 46 = -k*b + 40. Let v(z) = -z**2 - 2*z + 2. Let w(j) = b*v(j) - 3*u(j). Give w(-2).
8
Let w(d) = d**3 + 8*d**2 + 8*d - 1. Let a be (-8 - -14)*(-249)/6. Let n = 243 + a. Determine w(n).
23
Let p be 24/4 - (-18)/(-6). Let h(c) = 1236*c - 618*c - 619*c - p. Determine h(2).
-5
Let d(h) = -15*h**2 + 97*h**3 - 17*h**3 + 36 - 79*h**3 - 82*h - h**2. Give d(20).
-4
Let o(h) be the third derivative of h**6/120 + h**5/12 - h**4/24 - h**3 + 3*h**2 - 121. Give o(-5).
-1
Let u be ((-6)/2)/((-7)/21). Suppose 24 = -u*i + 13*i. Let l(r) be the third derivative of -r**6/120 + 7*r**5/60 - 5*r**4/24 - 4*r**3/3 + 2*r**2. Give l(i).
-2
Let f be (-4)/(0 - 4)*(2 + -9). Let z(b) = 17*b - 15. Let n(j) = -25*j + 22. Let i(w) = f*z(w) - 5*n(w). Suppose -25 = -4*m - 9. Determine i(m).
19
Suppose -112*z - 168*z = -68*z + 102*z. Let o(d) = d**2 + 23*d + 1. Determine o(z).
1
Let l be (-4)/14 + 130/(-35). Let w = 15 - l. Let p = -14 + w. Let a(n) = -n**3 + 4*n**2 + 5*n + 6. What is a(p)?
6
Let f(w) = -w**3 - 11*w**2 - 18*w + 44. Let c(n) = -n**3 - 12*n**2 - 20*n + 38. Let d(p) = -5*c(p) + 4*f(p). Determine d(-14).
-14
Let j(h) = -3*h + 10. Let s(c) = 60*c - 5579. Let y be s(93). What is j(y)?
7
Let i(w) = -6*w - 16. Let l be i(-3). Let p be (-5 + (4 - l))*-1. Let g(x) be the third derivative of -x**4/8 - x**3/6 + 2*x**2. Determine g(p).
-10
Let a(d) = -57*d + 54. Let z(l) = 162*l - 164. Let b(t) = -14*a(t) - 5*z(t). Give b(6).
-8
Let n(b) = 3*b - 92. Let l = -22719 - -22749. Give n(l).
-2
Let t(r) = -r**3 - 63*r**2 + 139*r + 590. Let k be t(-65). Let g(n) = -42*n + 227. What is g(k)?
17
Let k(r) = 3*r + 71 - 41*r + r**2 + 0*r + 18*r. Calculate k(14).
-13
Suppose -3*t + 526 - 542 = 2*y, 0 = 3*y - 4*t - 27. Let u(s) = -7*s**2 + 3*s - 1. Give u(y).
-5
Suppose -z - 2*r - 11 = 0, 4*r = z + 59 - 90. Let b(w) = w**2 - 9*w + 4. What is b(z)?
-14
Let x = -27694 - -27696. Let n(l) = -81*l + 173. Determine n(x).
11
Let y(s) = s + 8. Let w be (-78)/4 - ((-102)/(-4))/51. Give y(w).
-12
Suppose 3*n = -n. Let h(j) = 3*j**2 + 23*j + 16. Let q be h(-9). Let r(t) = -q*t**2 - t - 4 - 35*t**2 + 88*t**2. Give r(n).
-4
Let j = 1896 - 1895. Let o(t) = 75*t. What is o(j)?
75
Suppose -122 = 3*p + 514. Let l = 209 + p. Let v(n) = n + 10. Determine v(l).
7
Let u(f) = 9*f - 5. Let j(s) = -2*s + 1. Suppose -7*k = -27 + 20. Let b(q) = k*u(q) + 5*j(q). Let x = -1 - -4. What is b(x)?
-3
Let x(o) = o**3 + 25*o**2 + 23*o - 38. Let r be (5 - 85/3) + 20/(-30). Give x(r).
-14
Let x(m) be the first derivative of m**2/2 - 86. Let k be x(5). Let t(v) = -3*v + 3. What is t(k)?
-12
Let a(b) be the first derivative of 12*b**2 - 32*b + 173. Let v(o) = -11*o + 15. Let q(r) = 6*a(r) + 13*v(r). Let y be 2 - (-3 - 1/(-1)). Give q(y).
7
Let t(s) = -4*s + 4*s + 36*s**2 - s**3 + 9 - 37*s**2 - 12. What is t(0)?
-3
Suppose -3*c + 10 + 23 = 0. Let g(n) = c + 2 - 7 + n. Let m(l) = -l**3 - 7*l**2 - 10*l - 8. Let z be m(-5). Give g(z).
-2
Let o(x) = -13*x**2 - 11*x + 13. Let f be o(1). Let d(b) = b + 7. Calculate d(f).
-4
Let c(l) = -l**2 + 2. Let f be c(-2). Let x(a) = 60690*a - 60688*a - 2*a**2 - a**2 + 2. Give x(f).
-14
Let p(g) = g**3 + 10*g**2 + 2. Let c be p(-10). Let k(y) = 858*y**2 + 2*y + 2 - 856*y**2 + y - 2*y. Give k(c).
12
Let h(u) = -6*u**3 - 5*u**2 + 12*u - 15. Let g(q) = 5*q**3 + 6*q**2 - 12*q + 14. Let d(v) = 7*g(v) + 6*h(v). Suppose 13*b + 1 = 144. Give d(b).
-3
Let v(s) be the third derivative of s**2 + 20 + 0*s**3 - 1/6*s**4 + 0*s + 1/60*s**5. Give v(3).
-3
Let k(x) = 2*x**2 + 6*x - 27. Let u be 1*(-4)/(-14) + ((-752)/(-112) - 13). What is k(u)?
9
Let x(w) be the first derivative of 0*w - 1/120*w**6 + 1/3*w**3 + 7*w**2 + 11 + 0*w**4 + 1/20*w**5. Let f(n) be the second derivative of x(n). Determine f(3).
2
Let m(k) = k**3 + 7*k**2 - 4*k - 9. Let n(j) be the second derivative of j**3 - 181*j**2/2 + 2*j - 159. Let p be n(29). Calculate m(p).
19
Let s(y) be the first derivative of -5*y**3/3 + 5*y**2/2 - 2*y + 1. Let t = -128087 - -128090. Give s(t).
-32
Let y(f) = f - 5. Let w(s) be the first derivative of -19*s**2/2 + 6*s + 125. Let j be w(0). Determine y(j).
1
Let i(k) be the first derivative of -7*k**3/3 + 5*k + 5068. Calculate i(-2).
-23
Let z(l) = -7*l**3 + 15*l**2 + 13*l + 17. Let t(d) = -17*d**3 + 37*d**2 + 32*d + 42. Let y(g) = -5*t(g) + 12*z(g). Give y(-3).
-66
Let k be (-3367)/147 - (20/(-105))/(-2). Let h(p) = -p - 37. Calculate h(k).
-14
Suppose 0 = 452*b - 223*b - 458. Let z(u) be the third derivative of -1/24*u**4 - 36*u**b + 0 + 0*u - 1/30*u**5 + 0*u**3. Determine z(3).
-21
Let w be (-949)/73 + 1*(2 + -7). Let f(u) = -3*u - 52. Calculate f(w).
2
Let j(d) = 133*d + 8 - 2 + 32*d - 160*d. Determine j(-11).
-49
Let y(m) = -m - m + 0*m. Let u be (2/4)/((-17)/(-187))*-14. Let r be ((-506)/u)/(-2) - 4/(-14). Determine y(r).
6
Let k(l) = l - 3. Let q(h) = -h**3 + 12*h**2 - 3*h + 30. Let v = 120 - 108. Let p be q(v). What is k(p)?
-9
Let i(h) = -61*h - 607. Suppose -35*j - 3*j - 100 = 280. Determine i(j).
3
Let i(x) = -x**2 + 6*x - 6. Let y = 9421 - 9476. Let b = 92 - 30. Let q = b + y. What is i(q)?
-13
Let r be (-2 - (-8)/6)/((-2)/114). Let f = r - 33. Suppose -4*s = -f*d - 48, -s + 4*s - d - 25 = 0. Let g(k) = k - 5. Calculate g(s).
2
Let r(d) = -d**3 + 3*d**2 - 3. Suppose -3*f = 2*f - 945. Suppose -3*u - 180 = -f. Give r(u).
-3
Suppose 0 = -11*w + 403 + 279. Let k(r) = -w*r - 69*r + 128*r - 4. Calculate k(-3).
5
Let s(p) = -p + 4. Let x(y) = 3*y**2 + 4*y - 3. Suppose -3*j - 20 = 2*j - 5*l, 5*l - 27 = -2*j. Let m be x(j). What is s(m)?
0
Let l(p) be the first derivative of p**4/4 - 4*p**3/3 - p**2/2 + 4*p + 1. Let r(u) = 3*u**2 + 3*u + 3. Let q be r(-1). Give l(q).
-8
Let y(x) = -18*x**2 + 4*x - 1. Suppose -20*f + 1336 = 1316. Determine y(f).
-15
Let v(g) = 15288*g - 30555*g + 9*g**2 - 22 + 15290*g. Determine v(1).
10
Let x(j) = -j**2 - 6*j - 2. Let y(v) = -8*v - 14. Let p be y(-3). Suppose -4*k - p = -9*k. Let a be 0 - (5 - (-1 + k)). Determine x(a).
6
Suppose 46 = r + 12. Suppose -3*u + 24 = -w, -w - 2*u = -16 + 55. Let a = w + r. Let q(o) = -3*o + 1. Determine q(a).
-2
Let f be (((-738)/(-36))/(-41))/(1/(-42)). Let m(s) = 6*s - 125. What is m(f)?
1
Suppose 112 = 40*b - 128. Let p = 11 - 8. Let q(y) = y + 3 - p. What is q(b)?
6
Let y(x) be the first derivative of -1/4*x**4 + 0*x - 1/2*x**2 + x**3 + 74. Suppose 4*u + 5*c - 8 = 0, -2*u - 1 = -5*c - 5. Calculate y(u).
2
Let s(y) = 15 - y - 5 + 2*y**2 - y**2. Suppose 4*b + 4*q + 20 = 0, -7 = b + 2*q - 2. Let r = b - -5. Give s(r).
10
Let c(z) = -25 - 13 + 3*z - 9*z. Let i be c(-7). Let j(r) = -3*r + 8. Determine j(i).
-4
Let z(b) = 2*b**2 - 14*b - 9. Let i(w) = -w**2 + 7*w + 4. Let u(y) = -13*i(y) - 6*z(y). Let q(a) = a - 5. Let c be q(11). Determine u(c).
-4
Let w(k) = 35*k - 105. Let n(f) = -8*f + 22. Let t(c) = 26*n(c) + 6*w(c). Give t(18).
-22
Let u(p) = -966*p + 1946*p - 2*p**2 + 13 + 3*p**2 + 20 - 966*p. Determine u(-10).
-7
Suppose 0 = -3*s + 1 + 5. Let d(z) = 6*z**2 + 5*z**2 - z - 12*z**s - z + 3. Suppose 3*u + 1 = 2*l, 2*l + 77*u = 75*u + 6. Determine d(l).
-5
Let f(g) = g**3 + g**2 + 3*g + 4. Let w be f(-3). Let t be w/(-5) - (-6)/(-10) - 4. Suppose t = -r - 4. Let p(a) = -a**2 - 3*a + 1. Determine p(r).
-3
Let d(j) = -6*j + 5. Let f = 172 + -150. Let b = f + -18. Give d(b).
-19
Let i = 1372 + -1372. Let x = 8 - 6. Let k(d) = 0 + 0*d + d**x - d - 5. Determine k(i).
-5
Let u(l) = 0*l**2 + 35 - 8*l - 75 - 23 + l**2. Calculate u(13).
2
Let h(z) be the second derivative of -z**5/20 + 5*z**4/12 + 3*z**3/2 - 5*z**2/2 + 38744*z. Let q(k) = k**2 - 3. Let y be q(-3). Determine h(y).
13
Let v(g) = 2*g + 4. Let z be v(-3). Let a(y) be the second derivative of -71*y + 1/6*y**3 + 0*y**2 + 0. Determine a(z).
-2
